78
What is the remainder when 3416667 is divided by 897?
891
Calculate the remainder when 2941115 is divided by 979562.
2429
What is the remainder when 32141620 is divided by 8133?
4
Calculate the remainder when 11651125 is divided by 80.
5
Calculate the remainder when 73580196 is divided by 6283.
6266
Calculate the remainder when 1223993 is divided by 649.
628
Calculate the remainder when 459792 is divided by 1507.
157
Calculate the remainder when 8307876 is divided by 339.
3
What is the remainder when 5874783 is divided by 18?
15
What is the remainder when 19045835 is divided by 13126?
9
Calculate the remainder when 237663 is divided by 32.
31
What is the remainder when 5238 is divided by 401?
25
Calculate the remainder when 60409 is divided by 2734.
261
Calculate the remainder when 1012072 is divided by 112430.
202
What is the remainder when 37870 is divided by 2971?
2218
Calculate the remainder when 174343 is divided by 55157.
8872
Calculate the remainder when 835830 is divided by 51.
42
What is the remainder when 4399795 is divided by 15?
10
What is the remainder when 112681390 is divided by 23?
20
What is the remainder when 4685356 is divided by 37?
9
Calculate the remainder when 18569365 is divided by 29060.
25
Calculate the remainder when 126934 is divided by 24285.
5509
Calculate the remainder when 60009755 is divided by 2116.
2111
What is the remainder when 134078835 is divided by 20810?
5
What is the remainder when 16508 is divided by 4943?
1679
What is the remainder when 3285390 is divided by 16?
14
Calculate the remainder when 6573387 is divided by 2474.
2443
Calculate the remainder when 59264103 is divided by 617.
19
What is the remainder when 148420 is divided by 29373?
1555
Calculate the remainder when 34395665 is divided by 24.
17
Calculate the remainder when 2511505 is divided by 3949.
3890
Calculate the remainder when 1013210288 is divided by 5913.
5912
What is the remainder when 168615 is divided by 1519?
6
Calculate the remainder when 212834684 is divided by 93.
92
What is the remainder when 5807575 is divided by 1935830?
85
What is the remainder when 24592162 is divided by 29487?
4
Calculate the remainder when 260920 is divided by 803.
748
Calculate the remainder when 32161 is divided by 30789.
1372
What is the remainder when 90701 is divided by 351?
143
What is the remainder when 10296559 is divided by 9632?
9583
What is the remainder when 3428933 is divided by 103907?
2
Calculate the remainder when 6861362 is divided by 110662.
318
Calculate the remainder when 386458 is divided by 214.
188
Calculate the remainder when 13308 is divided by 6519.
270
Calculate the remainder when 31042371 is divided by 300.
171
What is the remainder when 270556 is divided by 90165?
61
What is the remainder when 15396194 is divided by 1398?
20
Calculate the remainder when 230073201 is divided by 38.
35
Calculate the remainder when 77064963 is divided by 99.
96
Calculate the remainder when 1105341 is divided by 42.
27
What is the remainder when 2056208 is divided by 137078?
38
Calculate the remainder when 742996 is divided by 762.
46
What is the remainder when 3183002 is divided by 459?
296
Calculate the remainder when 2628610 is divided by 5.
0
What is the remainder when 99874 is divided by 158?
18
What is the remainder when 53313254 is divided by 34?
30
What is the remainder when 1871309 is divided by 3956?
121
What is the remainder when 61263670 is divided by 555?
550
Calculate the remainder when 297262 is divided by 99070.
52
What is the remainder when 394789 is divided by 394671?
118
Calculate the remainder when 178950 is divided by 1167.
399
What is the remainder when 2946636 is divided by 589320?
36
Calculate the remainder when 9812 is divided by 1785.
887
Calculate the remainder when 6246574 is divided by 3909.
3901
What is the remainder when 26205931 is divided by 1117?
1111
What is the remainder when 141290 is divided by 129?
35
Calculate the remainder when 10796752 is divided by 1255.
1242
What is the remainder when 77047 is divided by 19247?
59
Calculate the remainder when 43746 is divided by 23.
0
What is the remainder when 20877 is divided by 767?
168
Calculate the remainder when 8054845 is divided by 127.
124
Calculate the remainder when 100158 is divided by 31128.
6774
What is the remainder when 6980053 is divided by 282?
271
Calculate the remainder when 605061 is divided by 7859.
7777
What is the remainder when 9154404 is divided by 572149?
20
What is the remainder when 1149546 is divided by 1698?
0
Calculate the remainder when 14066859 is divided by 7033295.
269
Calculate the remainder when 140868670 is divided by 34929.
13
What is the remainder when 969115 is divided by 200?
115
What is the remainder when 7870969 is divided by 1097?
1091
What is the remainder when 2395 is divided by 25?
20
Calculate the remainder when 3675350 is divided by 367535.
0
Calculate the remainder when 14892927 is divided by 128.
127
Calculate the remainder when 13927032 is divided by 1549.
1522
What is the remainder when 8832 is divided by 2273?
2013
Calculate the remainder when 44775972 is divided by 72925.
22
What is the remainder when 1249377 is divided by 258?
141
What is the remainder when 157669341 is divided by 288?
285
Calculate the remainder when 4944207 is divided by 139.
116
Calculate the remainder when 24201 is divided by 23543.
658
What is the remainder when 159856927 is divided by 305?
22
Calculate the remainder when 88309 is divided by 130.
39
Calculate the remainder when 21232 is divided by 4500.
3232
Calculate the remainder when 397073 is divided by 1285.
8
Calculate the remainder when 231506 is divided by 77150.
56
What is the remainder when 8571071 is divided by 1960?
1951
What is the remainder when 11109341 is divided by 2777332?
13
What is the remainder when 42495407 is divided by 36?
35
Calculate the remainder when 17656504 is divided by 1038617.
15
What is the remainder when 1050998 is divided by 4451?
562
Calculate the remainder when 6254879 is divided by 4293.
4271
Calculate the remainder when 265212 is divided by 275.
112
Calculate the remainder when 819467 is divided by 52.
51
What is the remainder when 265048 is divided by 12037?
234
What is the remainder when 2385741 is divided by 125565?
6
Calculate the remainder when 17416 is divided by 5221.
1753
Calculate the remainder when 177440205 is divided by 121.
118
Calculate the remainder when 9926533 is divided by 43.
26
What is the remainder when 61040 is divided by 345?
320
What is the remainder when 4693775 is divided by 11?
9
Calculate the remainder when 1070041 is divided by 267481.
117
What is the remainder when 135796921 is divided by 1006?
1005
Calculate the remainder when 801460 is divided by 400706.
48
What is the remainder when 26499 is divided by 20624?
5875
What is the remainder when 4739262 is divided by 3550?
12
What is the remainder when 7885526 is divided by 246?
242
Calculate the remainder when 1160995 is divided by 11969.
2
Calculate the remainder when 2678986 is divided by 235.
221
What is the remainder when 36088692 is divided by 43?
39
Calculate the remainder when 3276984 is divided by 3276982.
2
What is the remainder when 71063 is divided by 7106?
3
Calculate the remainder when 54604 is divided by 486.
172
What is the remainder when 109511139 is divided by 120078?
3
Calculate the remainder when 343978105 is divided by 124.
121
Calculate the remainder when 369130 is divided by 43.
18
What is the remainder when 135892749 is divided by 2318?
2317
Calculate the remainder when 729996 is divided by 34757.
99
Calculate the remainder when 7221306 is divided by 3690.
3666
Calculate the remainder when 173131 is divided by 5918.
1509
What is the remainder when 27465 is divided by 3121?
2497
Calculate the remainder when 2430011 is divided by 1215004.
3
What is the remainder when 1599141 is divided by 61505?
11
Calculate the remainder when 1809287 is divided by 6239.
6216
Calculate the remainder when 294167990 is divided by 484626.
8
What is the remainder when 62183951 is divided by 894?
887
What is the remainder when 3091619 is divided by 281055?
14
What is the remainder when 2985113 is divided by 2782?
27
What is the remainder when 917936 is divided by 305